{"id":20,"date":"2025-01-21T12:49:32","date_gmt":"2025-01-21T12:49:32","guid":{"rendered":"https:\/\/rdjgestion.es\/?page_id=20"},"modified":"2025-02-13T10:14:06","modified_gmt":"2025-02-13T10:14:06","slug":"contacto","status":"publish","type":"page","link":"https:\/\/rdjgestion.es\/index.php\/contacto\/","title":{"rendered":"Contacto"},"content":{"rendered":"\t\t<div data-elementor-type=\"wp-page\" data-elementor-id=\"20\" class=\"elementor elementor-20\">\n\t\t\t\t<div class=\"elementor-element elementor-element-d33958d e-flex e-con-boxed e-con e-parent\" data-id=\"d33958d\" data-element_type=\"container\">\n\t\t\t\t\t<div class=\"e-con-inner\">\n\t\t\t\t<div class=\"elementor-element elementor-element-e22c662 elementor-widget elementor-widget-heading\" data-id=\"e22c662\" data-element_type=\"widget\" data-widget_type=\"heading.default\">\n\t\t\t\t<div class=\"elementor-widget-container\">\n\t\t\t\t\t<h2 class=\"elementor-heading-title elementor-size-default\">DATOS DE CONTACTO<\/h2>\t\t\t\t<\/div>\n\t\t\t\t<\/div>\n\t\t\t\t\t<\/div>\n\t\t\t\t<\/div>\n\t\t<div class=\"elementor-element elementor-element-93f60f4 e-flex e-con-boxed e-con e-parent\" data-id=\"93f60f4\" data-element_type=\"container\">\n\t\t\t\t\t<div class=\"e-con-inner\">\n\t\t\t\t<div class=\"elementor-element elementor-element-c915a77 elementor-widget elementor-widget-text-editor\" data-id=\"c915a77\" data-element_type=\"widget\" data-widget_type=\"text-editor.default\">\n\t\t\t\t<div class=\"elementor-widget-container\">\n\t\t\t\t\t\t\t\t\t<p><strong>Localizaci\u00f3n:<\/strong><\/p><p>C\/ Dolores Marqu\u00e9s, 33 7-7<\/p><p>46020 Valencia<\/p><p><strong>Correo electr\u00f3nico:<\/strong><\/p><p>jporter@rdjgestion.es<\/p><p><strong>Tel\u00e9fono:<\/strong><\/p><p>+34 607 963 083<\/p>\t\t\t\t\t\t\t\t<\/div>\n\t\t\t\t<\/div>\n\t\t\t\t\t<\/div>\n\t\t\t\t<\/div>\n\t\t\t\t<\/div>\n\t\t","protected":false},"excerpt":{"rendered":"<p>DATOS DE CONTACTO Localizaci\u00f3n: C\/ Dolores Marqu\u00e9s, 33 7-7 46020 Valencia Correo electr\u00f3nico: jporter@rdjgestion.es Tel\u00e9fono: +34 607 963 083<\/p>\n","protected":false},"author":1,"featured_media":988568,"parent":0,"menu_order":0,"comment_status":"closed","ping_status":"closed","template":"","meta":{"footnotes":""},"class_list":["post-20","page","type-page","status-publish","has-post-thumbnail","hentry"],"yoast_head":"<!-- This site is optimized with the Yoast SEO plugin v27.4 - https:\/\/yoast.com\/product\/yoast-seo-wordpress\/ -->\n<title>Contacto - RENO DUBLIN Y JERUSALEN, S.L.<\/title>\n<meta name=\"robots\" content=\"index, follow, max-snippet:-1, max-image-preview:large, max-video-preview:-1\" \/>\n<link rel=\"canonical\" href=\"https:\/\/rdjgestion.es\/index.php\/contacto\/\" \/>\n<meta property=\"og:locale\" content=\"es_ES\" \/>\n<meta property=\"og:type\" content=\"article\" \/>\n<meta property=\"og:title\" content=\"Contacto - RENO DUBLIN Y JERUSALEN, S.L.\" \/>\n<meta property=\"og:description\" content=\"DATOS DE CONTACTO Localizaci\u00f3n: C\/ Dolores Marqu\u00e9s, 33 7-7 46020 Valencia Correo electr\u00f3nico: jporter@rdjgestion.es Tel\u00e9fono: +34 607 963 083\" \/>\n<meta property=\"og:url\" content=\"https:\/\/rdjgestion.es\/index.php\/contacto\/\" \/>\n<meta property=\"og:site_name\" content=\"RENO DUBLIN Y JERUSALEN, S.L.\" \/>\n<meta property=\"article:modified_time\" content=\"2025-02-13T10:14:06+00:00\" \/>\n<meta property=\"og:image\" content=\"https:\/\/rdjgestion.es\/wp-content\/uploads\/2025\/02\/antoine-barres-jay5BqVyf5A-unsplash-scaled.jpg\" \/>\n\t<meta property=\"og:image:width\" content=\"2560\" \/>\n\t<meta property=\"og:image:height\" content=\"1440\" \/>\n\t<meta property=\"og:image:type\" content=\"image\/jpeg\" \/>\n<meta name=\"twitter:card\" content=\"summary_large_image\" \/>\n<script type=\"application\/ld+json\" class=\"yoast-schema-graph\">{\"@context\":\"https:\\\/\\\/schema.org\",\"@graph\":[{\"@type\":\"WebPage\",\"@id\":\"https:\\\/\\\/rdjgestion.es\\\/index.php\\\/contacto\\\/\",\"url\":\"https:\\\/\\\/rdjgestion.es\\\/index.php\\\/contacto\\\/\",\"name\":\"Contacto - RENO DUBLIN Y JERUSALEN, S.L.\",\"isPartOf\":{\"@id\":\"https:\\\/\\\/rdjgestion.es\\\/#website\"},\"primaryImageOfPage\":{\"@id\":\"https:\\\/\\\/rdjgestion.es\\\/index.php\\\/contacto\\\/#primaryimage\"},\"image\":{\"@id\":\"https:\\\/\\\/rdjgestion.es\\\/index.php\\\/contacto\\\/#primaryimage\"},\"thumbnailUrl\":\"https:\\\/\\\/rdjgestion.es\\\/wp-content\\\/uploads\\\/2025\\\/02\\\/antoine-barres-jay5BqVyf5A-unsplash-scaled.jpg\",\"datePublished\":\"2025-01-21T12:49:32+00:00\",\"dateModified\":\"2025-02-13T10:14:06+00:00\",\"breadcrumb\":{\"@id\":\"https:\\\/\\\/rdjgestion.es\\\/index.php\\\/contacto\\\/#breadcrumb\"},\"inLanguage\":\"es\",\"potentialAction\":[{\"@type\":\"ReadAction\",\"target\":[\"https:\\\/\\\/rdjgestion.es\\\/index.php\\\/contacto\\\/\"]}]},{\"@type\":\"ImageObject\",\"inLanguage\":\"es\",\"@id\":\"https:\\\/\\\/rdjgestion.es\\\/index.php\\\/contacto\\\/#primaryimage\",\"url\":\"https:\\\/\\\/rdjgestion.es\\\/wp-content\\\/uploads\\\/2025\\\/02\\\/antoine-barres-jay5BqVyf5A-unsplash-scaled.jpg\",\"contentUrl\":\"https:\\\/\\\/rdjgestion.es\\\/wp-content\\\/uploads\\\/2025\\\/02\\\/antoine-barres-jay5BqVyf5A-unsplash-scaled.jpg\",\"width\":2560,\"height\":1440},{\"@type\":\"BreadcrumbList\",\"@id\":\"https:\\\/\\\/rdjgestion.es\\\/index.php\\\/contacto\\\/#breadcrumb\",\"itemListElement\":[{\"@type\":\"ListItem\",\"position\":1,\"name\":\"Portada\",\"item\":\"https:\\\/\\\/rdjgestion.es\\\/\"},{\"@type\":\"ListItem\",\"position\":2,\"name\":\"Contacto\"}]},{\"@type\":\"WebSite\",\"@id\":\"https:\\\/\\\/rdjgestion.es\\\/#website\",\"url\":\"https:\\\/\\\/rdjgestion.es\\\/\",\"name\":\"RENO DUBLIN Y JERUSALEN, S.L.\",\"description\":\"\",\"publisher\":{\"@id\":\"https:\\\/\\\/rdjgestion.es\\\/#organization\"},\"potentialAction\":[{\"@type\":\"SearchAction\",\"target\":{\"@type\":\"EntryPoint\",\"urlTemplate\":\"https:\\\/\\\/rdjgestion.es\\\/?s={search_term_string}\"},\"query-input\":{\"@type\":\"PropertyValueSpecification\",\"valueRequired\":true,\"valueName\":\"search_term_string\"}}],\"inLanguage\":\"es\"},{\"@type\":\"Organization\",\"@id\":\"https:\\\/\\\/rdjgestion.es\\\/#organization\",\"name\":\"RENO DUBLIN Y JERUSALEN, S.L.\",\"url\":\"https:\\\/\\\/rdjgestion.es\\\/\",\"logo\":{\"@type\":\"ImageObject\",\"inLanguage\":\"es\",\"@id\":\"https:\\\/\\\/rdjgestion.es\\\/#\\\/schema\\\/logo\\\/image\\\/\",\"url\":\"https:\\\/\\\/rdjgestion.es\\\/wp-content\\\/uploads\\\/2025\\\/02\\\/cropped-LOGO-RDJ-1.png\",\"contentUrl\":\"https:\\\/\\\/rdjgestion.es\\\/wp-content\\\/uploads\\\/2025\\\/02\\\/cropped-LOGO-RDJ-1.png\",\"width\":512,\"height\":512,\"caption\":\"RENO DUBLIN Y JERUSALEN, S.L.\"},\"image\":{\"@id\":\"https:\\\/\\\/rdjgestion.es\\\/#\\\/schema\\\/logo\\\/image\\\/\"}}]}<\/script>\n<!-- \/ Yoast SEO plugin. -->","yoast_head_json":{"title":"Contacto - RENO DUBLIN Y JERUSALEN, S.L.","robots":{"index":"index","follow":"follow","max-snippet":"max-snippet:-1","max-image-preview":"max-image-preview:large","max-video-preview":"max-video-preview:-1"},"canonical":"https:\/\/rdjgestion.es\/index.php\/contacto\/","og_locale":"es_ES","og_type":"article","og_title":"Contacto - RENO DUBLIN Y JERUSALEN, S.L.","og_description":"DATOS DE CONTACTO Localizaci\u00f3n: C\/ Dolores Marqu\u00e9s, 33 7-7 46020 Valencia Correo electr\u00f3nico: jporter@rdjgestion.es Tel\u00e9fono: +34 607 963 083","og_url":"https:\/\/rdjgestion.es\/index.php\/contacto\/","og_site_name":"RENO DUBLIN Y JERUSALEN, S.L.","article_modified_time":"2025-02-13T10:14:06+00:00","og_image":[{"width":2560,"height":1440,"url":"https:\/\/rdjgestion.es\/wp-content\/uploads\/2025\/02\/antoine-barres-jay5BqVyf5A-unsplash-scaled.jpg","type":"image\/jpeg"}],"twitter_card":"summary_large_image","schema":{"@context":"https:\/\/schema.org","@graph":[{"@type":"WebPage","@id":"https:\/\/rdjgestion.es\/index.php\/contacto\/","url":"https:\/\/rdjgestion.es\/index.php\/contacto\/","name":"Contacto - RENO DUBLIN Y JERUSALEN, S.L.","isPartOf":{"@id":"https:\/\/rdjgestion.es\/#website"},"primaryImageOfPage":{"@id":"https:\/\/rdjgestion.es\/index.php\/contacto\/#primaryimage"},"image":{"@id":"https:\/\/rdjgestion.es\/index.php\/contacto\/#primaryimage"},"thumbnailUrl":"https:\/\/rdjgestion.es\/wp-content\/uploads\/2025\/02\/antoine-barres-jay5BqVyf5A-unsplash-scaled.jpg","datePublished":"2025-01-21T12:49:32+00:00","dateModified":"2025-02-13T10:14:06+00:00","breadcrumb":{"@id":"https:\/\/rdjgestion.es\/index.php\/contacto\/#breadcrumb"},"inLanguage":"es","potentialAction":[{"@type":"ReadAction","target":["https:\/\/rdjgestion.es\/index.php\/contacto\/"]}]},{"@type":"ImageObject","inLanguage":"es","@id":"https:\/\/rdjgestion.es\/index.php\/contacto\/#primaryimage","url":"https:\/\/rdjgestion.es\/wp-content\/uploads\/2025\/02\/antoine-barres-jay5BqVyf5A-unsplash-scaled.jpg","contentUrl":"https:\/\/rdjgestion.es\/wp-content\/uploads\/2025\/02\/antoine-barres-jay5BqVyf5A-unsplash-scaled.jpg","width":2560,"height":1440},{"@type":"BreadcrumbList","@id":"https:\/\/rdjgestion.es\/index.php\/contacto\/#breadcrumb","itemListElement":[{"@type":"ListItem","position":1,"name":"Portada","item":"https:\/\/rdjgestion.es\/"},{"@type":"ListItem","position":2,"name":"Contacto"}]},{"@type":"WebSite","@id":"https:\/\/rdjgestion.es\/#website","url":"https:\/\/rdjgestion.es\/","name":"RENO DUBLIN Y JERUSALEN, S.L.","description":"","publisher":{"@id":"https:\/\/rdjgestion.es\/#organization"},"potentialAction":[{"@type":"SearchAction","target":{"@type":"EntryPoint","urlTemplate":"https:\/\/rdjgestion.es\/?s={search_term_string}"},"query-input":{"@type":"PropertyValueSpecification","valueRequired":true,"valueName":"search_term_string"}}],"inLanguage":"es"},{"@type":"Organization","@id":"https:\/\/rdjgestion.es\/#organization","name":"RENO DUBLIN Y JERUSALEN, S.L.","url":"https:\/\/rdjgestion.es\/","logo":{"@type":"ImageObject","inLanguage":"es","@id":"https:\/\/rdjgestion.es\/#\/schema\/logo\/image\/","url":"https:\/\/rdjgestion.es\/wp-content\/uploads\/2025\/02\/cropped-LOGO-RDJ-1.png","contentUrl":"https:\/\/rdjgestion.es\/wp-content\/uploads\/2025\/02\/cropped-LOGO-RDJ-1.png","width":512,"height":512,"caption":"RENO DUBLIN Y JERUSALEN, S.L."},"image":{"@id":"https:\/\/rdjgestion.es\/#\/schema\/logo\/image\/"}}]}},"_links":{"self":[{"href":"https:\/\/rdjgestion.es\/index.php\/wp-json\/wp\/v2\/pages\/20","targetHints":{"allow":["GET"]}}],"collection":[{"href":"https:\/\/rdjgestion.es\/index.php\/wp-json\/wp\/v2\/pages"}],"about":[{"href":"https:\/\/rdjgestion.es\/index.php\/wp-json\/wp\/v2\/types\/page"}],"author":[{"embeddable":true,"href":"https:\/\/rdjgestion.es\/index.php\/wp-json\/wp\/v2\/users\/1"}],"replies":[{"embeddable":true,"href":"https:\/\/rdjgestion.es\/index.php\/wp-json\/wp\/v2\/comments?post=20"}],"version-history":[{"count":13,"href":"https:\/\/rdjgestion.es\/index.php\/wp-json\/wp\/v2\/pages\/20\/revisions"}],"predecessor-version":[{"id":988542,"href":"https:\/\/rdjgestion.es\/index.php\/wp-json\/wp\/v2\/pages\/20\/revisions\/988542"}],"wp:featuredmedia":[{"embeddable":true,"href":"https:\/\/rdjgestion.es\/index.php\/wp-json\/wp\/v2\/media\/988568"}],"wp:attachment":[{"href":"https:\/\/rdjgestion.es\/index.php\/wp-json\/wp\/v2\/media?parent=20"}],"curies":[{"name":"wp","href":"https:\/\/api.w.org\/{rel}","templated":true}]}}